{"id":122,"date":"2023-07-05T00:47:30","date_gmt":"2023-07-05T00:47:30","guid":{"rendered":"https:\/\/vorabend.ch\/?page_id=122"},"modified":"2026-05-20T16:03:29","modified_gmt":"2026-05-20T16:03:29","slug":"programm","status":"publish","type":"page","link":"https:\/\/vorabend.ch\/?page_id=122","title":{"rendered":"Programm"},"content":{"rendered":"<h2>Zeitprogramm Maienzug Vorabend 2026<\/h2>\n<p>&nbsp;<\/p>\n<p>18:30 Abfeuern der Kanonensch\u00fcsse beim Haus zur Zinne<\/p>\n<p>18:30 Beginn mit Zapfenstreich \/ Umzug der Kadettenmusik<\/p>\n<p>Umzugsroute: Rathausgasse &#8211; Graben &#8211; Laurenzentorgasse &#8211; Metzgergasse &#8211; Rathausgasse &#8211; Milchgasse<\/p>\n<p>18:30 Beginn Wirtet\u00e4tigkeit<\/p>\n<p>20:00 Beginn div. Livemusik &amp; DJ Betrieb<\/p>\n<p>01:30 Musik Ende<\/p>\n<p>02:00 Festende**<\/p>\n<p>&nbsp;<\/p>\n<p>**Bitte unters\u00fctze unseren Abbau der Infrastruktur und Verlasse um 02:00 Uhr das Festgel\u00e4nde oder helfe aktiv mit, die Stadt aufzur\u00e4umen f\u00fcr den bald startenden Maienzug der Aarauer Sch\u00fcler:innen!<\/p>\n","protected":false},"excerpt":{"rendered":"<p>Zeitprogramm Maienzug Vorabend 2026 &nbsp; 18:30 Abfeuern der Kanonensch\u00fcsse beim Haus zur Zinne 18:30 Beginn mit Zapfenstreich \/ Umzug der Kadettenmusik Umzugsroute: Rathausgasse &#8211; Graben &#8211; Laurenzentorgasse &#8211; Metzgergasse &#8211; Rathausgasse &#8211; Milchgasse 18:30 Beginn Wirtet\u00e4tigkeit 20:00 Beginn div. Livemusik &amp; DJ Betrieb 01:30 Musik Ende 02:00 Festende** &nbsp; **Bitte unters\u00fctze unseren Abbau der Infrastruktur [&hellip;]<\/p>\n","protected":false},"author":1,"featured_media":0,"parent":0,"menu_order":0,"comment_status":"closed","ping_status":"closed","template":"","meta":{"footnotes":""},"class_list":["post-122","page","type-page","status-publish","hentry"],"_links":{"self":[{"href":"https:\/\/vorabend.ch\/index.php?rest_route=\/wp\/v2\/pages\/122","targetHints":{"allow":["GET"]}}],"collection":[{"href":"https:\/\/vorabend.ch\/index.php?rest_route=\/wp\/v2\/pages"}],"about":[{"href":"https:\/\/vorabend.ch\/index.php?rest_route=\/wp\/v2\/types\/page"}],"author":[{"embeddable":true,"href":"https:\/\/vorabend.ch\/index.php?rest_route=\/wp\/v2\/users\/1"}],"replies":[{"embeddable":true,"href":"https:\/\/vorabend.ch\/index.php?rest_route=%2Fwp%2Fv2%2Fcomments&post=122"}],"version-history":[{"count":6,"href":"https:\/\/vorabend.ch\/index.php?rest_route=\/wp\/v2\/pages\/122\/revisions"}],"predecessor-version":[{"id":181,"href":"https:\/\/vorabend.ch\/index.php?rest_route=\/wp\/v2\/pages\/122\/revisions\/181"}],"wp:attachment":[{"href":"https:\/\/vorabend.ch\/index.php?rest_route=%2Fwp%2Fv2%2Fmedia&parent=122"}],"curies":[{"name":"wp","href":"https:\/\/api.w.org\/{rel}","templated":true}]}}

<h2>Zeitprogramm Maienzug Vorabend 2026</h2>
<p>&nbsp;</p>
<p>18:30 Abfeuern der Kanonenschüsse beim Haus zur Zinne</p>
<p>18:30 Beginn mit Zapfenstreich / Umzug der Kadettenmusik</p>
<p>Umzugsroute: Rathausgasse &#8211; Graben &#8211; Laurenzentorgasse &#8211; Metzgergasse &#8211; Rathausgasse &#8211; Milchgasse</p>
<p>18:30 Beginn Wirtetätigkeit</p>
<p>20:00 Beginn div. Livemusik &amp; DJ Betrieb</p>
<p>01:30 Musik Ende</p>
<p>02:00 Festende**</p>
<p>&nbsp;</p>
<p>**Bitte untersütze unseren Abbau der Infrastruktur und Verlasse um 02:00 Uhr das Festgelände oder helfe aktiv mit, die Stadt aufzuräumen für den bald startenden Maienzug der Aarauer Schüler:innen!</p>

<p>Zeitprogramm Maienzug Vorabend 2026 &nbsp; 18:30 Abfeuern der Kanonenschüsse beim Haus zur Zinne 18:30 Beginn mit Zapfenstreich / Umzug der Kadettenmusik Umzugsroute: Rathausgasse &#8211; Graben &#8211; Laurenzentorgasse &#8211; Metzgergasse &#8211; Rathausgasse &#8211; Milchgasse 18:30 Beginn Wirtetätigkeit 20:00 Beginn div. Livemusik &amp; DJ Betrieb 01:30 Musik Ende 02:00 Festende** &nbsp; **Bitte untersütze unseren Abbau der Infrastruktur [&hellip;]</p>
